

{"id":4441,"date":"2020-02-04T13:14:31","date_gmt":"2020-02-04T10:14:31","guid":{"rendered":"http:\/\/drebruacar.webfirmam.com.tr\/?page_id=4441"},"modified":"2020-02-04T13:14:31","modified_gmt":"2020-02-04T10:14:31","slug":"ueber-mich","status":"publish","type":"page","link":"https:\/\/opdrebruacar.com\/de\/ueber-mich\/","title":{"rendered":"\u00dcBER MICH"},"content":{"rendered":"<p>[vc_row css=&#8220;.vc_custom_1467092483549{padding-bottom: 0px !important;}&#8220;][vc_column width=&#8220;1\/2&#8243;][vc_custom_heading text=&#8220;OP. DR. EBRU ACAR<br \/>\nFacharzt f\u00fcr Augenheilkunde und Gesundheit&#8220; use_theme_fonts=&#8220;yes&#8220;][vc_separator color=&#8220;blue&#8220; style=&#8220;shadow&#8220;][vc_column_text]<\/p>\n<p id=\"u932-5\">Op. Dr. Ebru Acar wurde 1975 in U\u015fak geboren. Nach der Grundschule beendete Sie die Mittel- und Oberschulausbildung an der U\u015fak Anatolian High School. Nach 6 Jahren medizinischer Ausbildung, die 1993 an der medizinischen Fakult\u00e4t der Universit\u00e4t Ankara begann, begann Sie im Jahr 2000 Ihre Spezialisierung im Bereich der Augenheilkunde und Gesundheit im Izmir Atat\u00fcrk Trainings- und Forschungskrankenhaus.<\/p>\n<p>Im Jahr 2004 wurde Sie als Augenarzt an das Kars State Hospital berufen. Sie arbeitete 1,5 Jahre im Krankenhaus in Kars und in Ihrer Privatpraxis. Nach Ihrer R\u00fcckkehr nach Izmir arbeitete Dr. Ebru Acar zwischen 2007 und 2008 im privaten Augenkrankenhaus Kar\u015f\u0131yaka, im privaten Augenkrankenhaus Egepol und im privaten Augenkrankenhaus Ekol.<\/p>\n<p id=\"u932-8\">Die t\u00fcrkische ophthalmologische Gesellschaft, ist ein Mitglied der t\u00fcrkischen \u00c4rztekammer. Sie spricht ausserdem fliessend Englisch.<\/p>\n<p>[\/vc_column_text][vc_empty_space height=&#8220;10px&#8220;][\/vc_column][vc_column width=&#8220;1\/2&#8243;][vc_single_image image=&#8220;4107&#8243; img_size=&#8220;full&#8220; alignment=&#8220;center&#8220; css=&#8220;.vc_custom_1577985274789{margin-bottom: 0px !important;}&#8220;][\/vc_column][\/vc_row]<\/p>\n","protected":false},"excerpt":{"rendered":"<p>[vc_row css=&#8220;.vc_custom_1467092483549{padding-bottom: 0px !important;}&#8220;][vc_column width=&#8220;1\/2&#8243;][vc_custom_heading text=&#8220;OP. DR. EBRU ACAR Facharzt f\u00fcr Augenheilkunde und Gesundheit&#8220; use_theme_fonts=&#8220;yes&#8220;][vc_separator color=&#8220;blue&#8220; style=&#8220;shadow&#8220;][vc_column_text] Op. Dr. Ebru Acar wurde 1975 in U\u015fak geboren. Nach der Grundschule beendete Sie die Mittel- und Oberschulausbildung an der U\u015fak Anatolian High School. Nach 6 Jahren medizinischer Ausbildung, die 1993 an der medizinischen Fakult\u00e4t der Universit\u00e4t Ankara [&hellip;]<\/p>\n","protected":false},"author":1,"featured_media":0,"parent":0,"menu_order":14,"comment_status":"closed","ping_status":"closed","template":"","meta":{"_links_to":"","_links_to_target":""},"_links":{"self":[{"href":"https:\/\/opdrebruacar.com\/de\/wp-json\/wp\/v2\/pages\/4441\/"}],"collection":[{"href":"https:\/\/opdrebruacar.com\/de\/wp-json\/wp\/v2\/pages\/"}],"about":[{"href":"https:\/\/opdrebruacar.com\/de\/wp-json\/wp\/v2\/types\/page\/"}],"author":[{"embeddable":true,"href":"https:\/\/opdrebruacar.com\/de\/wp-json\/wp\/v2\/users\/1\/"}],"replies":[{"embeddable":true,"href":"https:\/\/opdrebruacar.com\/de\/wp-json\/wp\/v2\/comments\/?post=4441"}],"version-history":[{"count":2,"href":"https:\/\/opdrebruacar.com\/de\/wp-json\/wp\/v2\/pages\/4441\/revisions\/"}],"predecessor-version":[{"id":4446,"href":"https:\/\/opdrebruacar.com\/de\/wp-json\/wp\/v2\/pages\/4441\/revisions\/4446\/"}],"wp:attachment":[{"href":"https:\/\/opdrebruacar.com\/de\/wp-json\/wp\/v2\/media\/?parent=4441"}],"curies":[{"name":"wp","href":"https:\/\/api.w.org\/{rel}","templated":true}]}}

ÜBER MICH

<p>[vc_row css=&#8220;.vc_custom_1467092483549{padding-bottom: 0px !important;}&#8220;][vc_column width=&#8220;1/2&#8243;][vc_custom_heading text=&#8220;OP. DR. EBRU ACAR<br />
Facharzt für Augenheilkunde und Gesundheit&#8220; use_theme_fonts=&#8220;yes&#8220;][vc_separator color=&#8220;blue&#8220; style=&#8220;shadow&#8220;][vc_column_text]</p>
<p id="u932-5">Op. Dr. Ebru Acar wurde 1975 in Uşak geboren. Nach der Grundschule beendete Sie die Mittel- und Oberschulausbildung an der Uşak Anatolian High School. Nach 6 Jahren medizinischer Ausbildung, die 1993 an der medizinischen Fakultät der Universität Ankara begann, begann Sie im Jahr 2000 Ihre Spezialisierung im Bereich der Augenheilkunde und Gesundheit im Izmir Atatürk Trainings- und Forschungskrankenhaus.</p>
<p>Im Jahr 2004 wurde Sie als Augenarzt an das Kars State Hospital berufen. Sie arbeitete 1,5 Jahre im Krankenhaus in Kars und in Ihrer Privatpraxis. Nach Ihrer Rückkehr nach Izmir arbeitete Dr. Ebru Acar zwischen 2007 und 2008 im privaten Augenkrankenhaus Karşıyaka, im privaten Augenkrankenhaus Egepol und im privaten Augenkrankenhaus Ekol.</p>
<p id="u932-8">Die türkische ophthalmologische Gesellschaft, ist ein Mitglied der türkischen Ärztekammer. Sie spricht ausserdem fliessend Englisch.</p>
<p>[/vc_column_text][vc_empty_space height=&#8220;10px&#8220;][/vc_column][vc_column width=&#8220;1/2&#8243;][vc_single_image image=&#8220;4107&#8243; img_size=&#8220;full&#8220; alignment=&#8220;center&#8220; css=&#8220;.vc_custom_1577985274789{margin-bottom: 0px !important;}&#8220;][/vc_column][/vc_row]</p>

<p>[vc_row css=&#8220;.vc_custom_1467092483549{padding-bottom: 0px !important;}&#8220;][vc_column width=&#8220;1/2&#8243;][vc_custom_heading text=&#8220;OP. DR. EBRU ACAR Facharzt für Augenheilkunde und Gesundheit&#8220; use_theme_fonts=&#8220;yes&#8220;][vc_separator color=&#8220;blue&#8220; style=&#8220;shadow&#8220;][vc_column_text] Op. Dr. Ebru Acar wurde 1975 in Uşak geboren. Nach der Grundschule beendete Sie die Mittel- und Oberschulausbildung an der Uşak Anatolian High School. Nach 6 Jahren medizinischer Ausbildung, die 1993 an der medizinischen Fakultät der Universität Ankara [&hellip;]</p>
